) in base 16?
d
Convert 3 (base 13) to base 6.
3
Convert 1 (base 16) to base 12.
1
-1 (base 12) to base 10
-1
Convert 51 (base 9) to base 10.
46
What is -11 (base 2) in base 6?
-3
Convert -5 (base 15) to base 12.
-5
What is 3 (base 7) in base 9?
3
-38 (base 10) to base 16
-26
-9 (base 13) to base 7
-12
-11 (base 6) to base 5
-12
-2 (base 9) to base 8
-2
Convert -31 (base 11) to base 7.
-46
What is 10 (base 9) in base 5?
14
323 (base 6) to base 10
123
What is -14 (base 6) in base 13?
-a
3 (base 13) to base 11
3
Convert -1000010 (base 2) to base 16.
-42
What is -25 (base 11) in base 8?
-33
Convert 24 (base 10) to base 14.
1a
27 (base 10) to base 5
102
Convert 8 (base 15) to base 9.
8
What is -3 (base 4) in base 8?
-3
-221 (base 3) to base 8
-31
Convert -23 (base 14) to base 11.
-29
Convert -20 (base 7) to base 10.
-14
What is -d9 (base 14) in base 9?
-232
What is 1 (base 4) in base 9?
1
Convert -130 (base 10) to base 11.
-109
What is a (base 15) in base 6?
14
Convert 0 (base 13) to base 12.
0
What is 4 (base 16) in base 8?
4
310 (base 9) to base 14
140
Convert -84 (base 9) to base 2.
-1001100
Convert -31 (base 10) to base 2.
-11111
What is 2 (base 15) in base 13?
2
Convert 10011101 (base 2) to base 12.
111
-12 (base 3) to base 2
-101
-a (base 16) to base 14
-a
Convert 47 (base 11) to base 2.
110011
What is -106 (base 10) in base 2?
-1101010
What is -a (base 11) in base 13?
-a
What is 0 (base 7) in base 3?
0
Convert -15 (base 9) to base 7.
-20
What is 1010 (base 2) in base 12?
a
5 (base 15) to base 5
10
Convert -125 (base 9) to base 10.
-104
20 (base 8) to base 12
14
-21 (base 4) to base 2
-1001
-8 (base 13) to base 16
-8
Convert -13 (base 11) to base 7.
-20
What is -4c (base 14) in base 2?
-1000100
-3 (base 11) to base 10
-3
What is 1010 (base 2) in base 15?
a
What is 1 (base 14) in base 4?
1
Convert 28 (base 13) to base 3.
1021
Convert -276 (base 9) to base 2.
-11100111
What is 13 (base 11) in base 5?
24
Convert 4 (base 14) to base 5.
4
Convert -44 (base 9) to base 12.
-34
What is -10 (base 2) in base 4?
-2
Convert -110 (base 3) to base 15.
-c
What is -3 (base 10) in base 11?
-3
-7 (base 13) to base 6
-11
Convert 112 (base 6) to base 11.
40
-110 (base 6) to base 11
-39
Convert 10 (base 5) to base 3.
12
Convert 110000 (base 2) to base 8.
60
What is -10222 (base 3) in base 9?
-128
What is -e (base 15) in base 11?
-13
10020 (base 3) to base 12
73
What is 52 (base 7) in base 14?
29
18 (base 14) to base 7
31
Convert -111 (base 3) to base 16.
-d
What is -2 (base 6) in base 14?
-2
What is 11100 (base 2) in base 3?
1001
What is 1021 (base 5) in base 12?
b4
4 (base 14) to base 12
4
What is c (base 15) in base 13?
c
Convert -30 (base 16) to base 14.
-36
What is 18 (base 11) in base 15?
14
What is -100 (base 2) in base 15?
-4
Convert 2 (base 8) to base 10.
2
Convert 17 (base 10) to base 16.
11
What is 42 (base 9) in base 13?
2c
What is 59 (base 14) in base 12?
67
6 (base 12) to base 3
20
53 (base 12) to base 4
333
What is -29 (base 14) in base 7?
-52
-300 (base 5) to base 6
-203
What is -6 (base 13) in base 6?
-10
What is -3 (base 16) in base 6?
-3
-113 (base 4) to base 8
-27
What is 13 (base 11) in base 16?
e
100 (base 2) to base 15
4
-166 (base 8) to base 16
-76
Convert 1106 (base 7) to base 10.
398
Convert -4 (base 15) to base 12.
-4
What is 1 (base 12) in base 3?
1
Convert 426 (base 8) to base 4.
10112
Convert -1a (base 12) to base 9.
-24
-1 (base 7) to base 15
-1
Convert 16 (base 11) to base 3.
122
What is -201 (base 5) in base 11?
-47
-21 (base 3) to base 8
-7
What is 9 (base 12) in base 15?
9
Convert -41 (base 6) to base 12.
-21
Convert 0 (base 3) to base 15.
0
-102 (base 4) to base 14
-14
What is 3 (base 15) in base 16?
3
What is 0 (base 7) in base 10?
0
Convert -10100 (base 3) to base 14.
-66
What is 1a (base 12) in base 6?
34
Convert 30 (base 4) to base 8.
14
Convert 19 (base 12) to base 11.
1a
Convert 1 (base 5) to base 15.
1
1 (base 10) to base 9
1
-300 (base 4) to base 15
-33
27 (base 16) to base 14
2b
Convert 2 (base 8) to base 12.
2
1 (base 5) to base 15
1
-72 (base 14) to base 7
-202
Convert -8 (base 9) to base 5.
-13
What is -17 (base 14) in base 5?
-41
-1b (base 16) to base 8
-33
Convert 10 (base 7) to base 16.
7
What is 1a (base 15) in base 16?
19
What is 128 (base 9) in base 8?
153
0 (base 2) to base 11
0
What is -10 (base 10) in base 16?
-a
Convert -1200 (base 3) to base 11.
-41
Convert 151 (base 9) to base 13.
9a
Convert 2 (base 11) to base 14.
2
Convert -5 (base 16) to base 4.
-11
11001 (base 2) to base 3
221
Convert 23 (base 4) to base 15.
b
-203 (base 4) to base 8
-43
What is 3 (base 7) in base 16?
3
2 (base 16) to base 14
2
4 (base 6) to base 14
4
c0 (base 13) to base 12
110
What is 6 (base 8) in base 2?
110
What is 3 (base 13) in base 16?
3
What is 142 (base 6) in base 11?
57
Convert -302 (base 4) to base 12.
-42
-b (base 12) to base 6
-15
-221 (base 4) to base 16
-29
7 (base 15) to base 9
7
What is -3 (base 14) in base 2?
-11
Convert -274 (base 10) to base 9.
-334
What is -9 (base 11) in base 3?
-100
Convert -142 (base 5) to base 7.
-65
Convert -11 (base 6) to base 15.
-7
Convert 101 (base 5) to base 9.
28
Convert -2 (base 10) to base 12.
-2
What is -110 (base 4) in base 11?
-19
1120 (base 4) to base 12
74
What is -2 (base 7) in base 8?
-2
Convert 3 (base 15) to base 14.
3
What is -95 (base 16) in base 3?
-12112
-5f (base 16) to base 10
-95
What is -3 (base 9) in base 16?
-3
10 (base 10) to base 6
14
0 (base 4) to base 5
0
112 (base 3) to base 16
e
-110001001 (base 2) to base 11
-328
-12 (base 10) to base 9
-13
Convert 10000 (base 3) to base 12.
69
101020 (base 3) to base 13
183
Convert -46 (base 13) to base 3.
-2011
-2 (base 4) to base 15
-2
Convert c (base 13) to base 5.
22
What is -25 (base 10) in base 3?
-221
Convert 14 (base 14) to base 6.
30
-1000 (base 2) to base 16
-8
Convert 2 (base 3) to base 4.
2
What is 39 (base 14) in base 9?
56
What is 1033 (base 4) in base 3?
2221
Convert 112 (base 6) to base 4.
230
-2 (base 8) to base 7
-2
18a (base 13) to base 8
433
What is -11 (base 6) in base 10?
-7
What is -58 (base 10) in base 9?
-64
Convert -10 (base 13) to base 15.
-d
Convert -d (base 15) to base 3.
-111
-2 (base 5) to base 9
-2
Convert -3 (base 10) to base 8.
-3
What is -121 (base 3) in base 7?
-22
What is -54 (base 7) in base 3?
-1110
What is 2 (base 16) in base 9?
2
What is 20 (base 13) in base 8?
32
What is 31 (base 13) in base 3?
1111
What is 11 (base 4) in base 2?
101
-2 (base 16) to base 12
-2
Convert 24 (base 5) to base 15.
e
What is 1045 (base 6) in base 14?
137
Convert 201 (base 13) to base 7.
663
Convert -10 (base 14) to base 10.
-14
-2 (base 5) to base 7
-2
-61 (base 12) to base 14
-53
What is 0 (base 3) in base 6?
0
17 (base 11) to base 16
12
What is 4 (base 16) in base 15?
4
Convert 5 (base 6) to base 10.
5
-107 (base 9) to base 14
-64
-1100 (base 3) to base 14
-28
Convert -2113 (base 4) to base 3.
-12121
What is 7 (base 13) in base 2?
111
What is -1 (base 15) in base 7?
-1
What is 0 (base 12) in base 16?
0
Convert -31 (base 8) to base 11.
-23
Convert -3 (base 5) to base 12.
-3
What is 3 (base 4) in base 9?
3
Convert -21211 (base 3) to base 12.
-157
Convert 8 (base 16) to base 10.
8
What is 5 (base 8) in base 4?
11
Convert -76 (base 14) to base 15.
-6e
Convert d (base 15) to base 12.
11
-47 (base 14) to base 15
-43
What is 6 (base 15) in base 12?
6
Convert -8 (base 9) to base 15.
-8
Convert 0 (base 2) to base 5.
0
-131 (base 7) to base 5
-241
Convert -23 (base 14) to base 2.
-11111
What is 5 (base 6) in base 13?
5
Convert -162 (base 11) to base 14.
-d7
Convert -10 (base 2) to base 8.
-2
-300 (base 4) to base 5
-143
Convert -3 (base 15) to base 9.
-3
What is -7 (base 8) in base 14?
-7
-146 (base 7) to base 14
-5d
Convert 2 (base 16) to base 3.
2
3 (base 6) to base 4
3
-1100 (base 2) to base 9
-13
-1011 (base 2) to base 15
-b
Convert 22 (base 6) to base 11.
13
-a9 (base 15) to base 14
-b5
What is 3a (base 11) in base 9?
47
What is -a3 (base 16) in base 9?
-201
Convert 11 (base 11) to base 12.
10
Convert -1 (base 7) to base 3.
-1
-2 (base 13) to base 9
-2
What is 13 (base 9) in base 3?
110
What is -1 (base 14) in base 9?
-1
Convert -26 (base 14) to base 6.
-54
7 (base 13) to base 2
111
11 (base 8) to base 